a multiple of 73?
True
Is 901630 a multiple of 18?
False
Does 24 divide 3431316?
False
Is 903 a factor of 1058999?
False
Is 2909265 a multiple of 10?
False
Is 44 a factor of 764482?
False
Is 6 a factor of 1199098?
False
Is 3252358 a multiple of 38?
False
Does 61 divide 729743?
True
Does 28 divide 11194463?
False
Is 29 a factor of 21688488?
False
Does 18 divide 101690?
False
Is 24 a factor of 139608?
True
Is 24 a factor of 118896?
True
Is 338331 a multiple of 23?
False
Is 105 a factor of 757953?
False
Does 57 divide 11921037?
True
Does 211 divide 268181?
True
Does 100 divide 208400?
True
Is 79180 a multiple of 107?
True
Is 4749555 a multiple of 15?
True
Is 164120 a multiple of 54?
False
Is 17069339 a multiple of 973?
True
Is 77 a factor of 196735?
True
Is 290 a factor of 411676?
False
Is 150635 a multiple of 235?
True
Is 51618 a multiple of 29?
False
Is 12869480 a multiple of 20?
True
Does 21 divide 9084684?
True
Is 129 a factor of 158931?
False
Does 900 divide 557405?
False
Does 276 divide 812920?
False
Is 512160 a multiple of 31?
False
Does 46 divide 605544?
True
Does 39 divide 7223502?
True
Does 111 divide 139527?
True
Does 5 divide 423?
False
Is 104 a factor of 347880?
True
Is 5560962 a multiple of 95?
False
Is 471600 a multiple of 12?
True
Is 18 a factor of 2140110?
True
Does 560 divide 822732?
False
Does 1094 divide 2093916?
True
Does 26 divide 120640?
True
Is 1761577 a multiple of 14?
False
Is 51470 a multiple of 12?
False
Is 419628 a multiple of 17?
True
Is 762930 a multiple of 294?
True
Does 26 divide 652444?
True
Is 19 a factor of 1553123?
False
Is 15 a factor of 2132288?
False
Does 237 divide 185251?
False
Does 8 divide 1382507?
False
Is 12 a factor of 15396?
True
Is 19 a factor of 1870606?
False
Does 20 divide 13508?
False
Does 199 divide 170352?
False
Does 9 divide 72377?
False
Is 11 a factor of 471821?
False
Is 31065 a multiple of 80?
False
Does 3 divide 137150?
False
Does 96 divide 194537?
False
Is 23714 a multiple of 22?
False
Is 39360 a multiple of 48?
True
Is 264573 a multiple of 9?
True
Is 203 a factor of 179894?
False
Is 22 a factor of 4213864?
False
Is 129555 a multiple of 15?
True
Is 43523 even?
False
Is 47 a factor of 231475?
True
Is 120 a factor of 387120?
True
Is 29660 a multiple of 4?
True
Is 37 a factor of 3827653?
False
Is 12 a factor of 80333?
False
Is 17956555 a multiple of 87?
False
Does 20 divide 547084?
False
Is 178 a factor of 15113090?
True
Is 51 a factor of 322706?
False
Is 5183456 a multiple of 16?
True
Is 116 a factor of 416473?
False
Does 251 divide 1761466?
False
Is 1248 a factor of 264576?
True
Is 23 a factor of 188193?
False
Is 20905 a multiple of 4?
False
Is 153720 a multiple of 280?
True
Is 1959742 a multiple of 12?
False
Does 217 divide 2665845?
True
Is 205588 a multiple of 412?
True
Does 157 divide 1222882?
False
Does 16 divide 160212?
False
Is 540020 a multiple of 155?
True
Does 129 divide 1089147?
True
Is 13 a factor of 140946?
True
Does 10 divide 9758382?
False
Is 847602 a multiple of 651?
True
Does 27 divide 426519?
True
Is 681 a factor of 960891?
True
Is 38 a factor of 334438?
True
Is 12854366 a multiple of 14?
True
Is 6268 even?
True
Is 115570 a multiple of 55?
False
Is 13073477 a multiple of 73?
False
Does 119 divide 38675?
True
Does 63 divide 37992?
False
Is 78495 a multiple of 26?
False
Is 132 a factor of 118275?
False
Does 11 divide 675279?
True
Is 72737 a multiple of 7?
True
Does 131 divide 534480?
True
Does 291 divide 642038?
False
Does 76 divide 6614280?
True
Is 1945815 a multiple of 15?
True
Is 1029155 a multiple of 10?
False
Is 11 a factor of 170302?
True
Is 416275 a multiple of 14?
False
Does 5 divide 62689?
False
Is 588 a factor of 82320?
True
Is 2409281 a multiple of 49?
True
Is 1311904 a multiple of 22?
True
Does 60 divide 11077611?
False
Is 92 a factor of 276368?
True
Does 342 divide 4265082?
True
Is 5347104 a multiple of 36?
False
Is 132 a factor of 55836?
True
Is 16 a factor of 1937472?
True
Is 502811 a multiple of 3?
False
Does 48 divide 2472864?
True
Is 20 a factor of 33403?
False
Is 22 a factor of 2507516?
True
Is 615663 a multiple of 15?
False
Is 26814 a multiple of 109?
True
Is 17 a factor of 3784931?
True
Is 10225356 a multiple of 1698?
True
Does 539 divide 19576480?
True
Is 463199 a multiple of 187?
True
Is 1188264 a multiple of 14?
True
Is 65 a factor of 7867334?
False
Does 37 divide 137364?
False
Is 303 a factor of 990129?
False
Is 196733 a multiple of 457?
False
Is 785109 a multiple of 491?
True
Does 474 divide 11626272?
True
Is 107 a factor of 2297611?
True
Does 210 divide 1505070?
True
Is 50358 a multiple of 6?
True
Is 4 a factor of 4632899?
False
Does 24 divide 4997059?
False
Does 249 divide 290334?
True
Is 22 a factor of 88994?
False
Is 362590 a multiple of 8?
False
Does 15 divide 188286?
False
Is 1582953 a multiple of 173?
False
Is 309986 a multiple of 5?
False
Is 40 a factor of 16780?
False
Is 3188238 a multiple of 46?
False
Is 26696 a multiple of 376?
True
Is 339862 a multiple of 14?
False
Is 160042 a multiple of 15?
False
Is 88652 a multiple of 74?
True
Is 429338 a multiple of 24?
False
Does 30 divide 11370?
True
Is 44 a factor of 140932?
True
Is 20 a factor of 2429480?
True
Is 6 a factor of 552626?
False
Does 572 divide 12537693?
False
Is 18 a factor of 174337?
False
Does 190 divide 2515?
False
Is 21 a factor of 1119741?
True
Is 9838854 a multiple of 99?
False
Does 167 divide 243864?
False
Does 437 divide 8338418?
False
Is 115252 a multiple of 228?
False
Is 1165 a factor of 1604217?
False
Does 70 divide 3863341?
False
Is 429 a factor of 1081509?
True
Is 6741287 a multiple of 79?
False
Is 9 a factor of 5033136?
False
Is 47 a factor of 4483330?
True
Is 3366832 a multiple of 24?
False
Is 6784735 a multiple of 922?
False
Does 242 divide 613755?
False
Does 573 divide 256131?
True
Does 107 divide 3454128?
False
Is 293 a factor of 103136?
True
Is 163823 a multiple of 169?
False
Does 495 divide 2596275?
True
Does 1553 divide 17079969?
False
Is 460560 a multiple of 534?
False
Does 661 divide 189816?
False
Does 35 divide 2507611?
False
Does 4 divide 67720?
True
Is 172550 a multiple of 350?
True
Is 100470 a multiple of 85?
True
Is 499716 a multiple of 189?
True
Does 282 divide 611261?
False
Does 237 divide 182016?
True
Is 466466 a multiple of 432?
False
Does 307 divide 5238894?
False
Does 54 divide 1563257?
False
Does 192 divide 49828?
False
Is 706 a factor of 3515880?
True
Is 1204437 a multiple of 39?
True
Is 2667005 a multiple of 21?
False
Does 27 divide 705980?
False
Does 496 divide 1354080?
True
Is 393831 a multiple of 28?
False
Does 55 divide 299805?
True
Does 3 divide 50988?
True
Is 12 a factor of 5841936?
True
Is 536 a factor of 46096?
True
Is 9 a factor of 91371?
False
Is 9 a factor of 1116?
True
Is 10 a factor of 1258920?
True
Is 327 a factor of 936977?
False
Does 140 divide 2093241?
False
Is 21 a factor of 1038681?
True
Is 309 a factor of 1078745?
False
Does 19 divide 9317635?
False
Does 22 divide 590216?
True
Is 27063 a multiple of 380?
False
Is 181909 a multiple of 11?
False
Is 2730090 a multiple of 15?
True
Is 18 a factor of 3132?
True
Is 2 a factor of 225771?
False
Is 5 a factor of 2260?
True
Is 168 a factor of 232008?
True
Is 451272 a multiple of 24?
True
Is 211 a factor of 1344914?
True
Is 158 a factor of 80896?
True
Is 38964 a multiple of 573?
True
Does 28 divide 3694180?
True
Is 2 a factor of 219215?
False
Does 221 divide 217464?
True
Does 86 divide 1572158?
False
Is 772 a factor of 11061464?
False
Does 201 divide 89709?
False
Does 22 divide 4936689?
False
Does 170 divide 5861704?
False
Does 7 divide 20837?
False
Is 45 a factor of 122771?
False
Is 11 a factor of 105019?
False
Does 62 divide 248?
True
Is 1879683 a multiple of 753?
False
Is 4283280 a multiple of 2160?
True
Does 8 divide 32637?
False
Is 896789 a multiple of 151?
True
Does 91 divide 14014?
True
Is 7785090 a multiple of 18?
True
Is 4969332 a multiple of 70?
False
Does 31 divide 6956547?
False
Does 470 divide 282862?
False
Is 8 a factor of 9994129?
False
Is 664809 a multiple of 303?
False
Is 3018713 a multiple of 403?
False
Is 1860881 a multiple of 6?
False
Does 189 divide 166415?
False
Is 38571 a multiple of 13?
True
Is 3027361 a multiple of 273?
False
Is 36064 a multiple of 46?
True
D